?
176f
In base 14, what is -3 - -1abb9?
1abb6
In base 14, what is 2637 - -4?
263b
In base 14, what is 1004 - -15?
1019
In base 2, what is -110110001111 - -100111101?
-110001010010
In base 10, what is -60213 + 42?
-60171
In base 14, what is -cd0 + 5?
-cc9
In base 10, what is 1 - -1182683?
1182684
In base 4, what is -33101020010 + 1?
-33101020003
In base 16, what is 9cf5e - -5?
9cf63
In base 14, what is -2a2 - -20?
-282
In base 2, what is -1010 - 1001000100000?
-1001000101010
In base 14, what is -14 + 5555?
5541
In base 13, what is -7 + -3aac?
-3ab6
In base 2, what is 11 - 110010111101010101?
-110010111101010010
In base 5, what is 2114 - -33404?
41023
In base 3, what is 10101 - 1012112?
-1002011
In base 6, what is -2 + 20455343?
20455341
In base 14, what is 4 + -1833?
-182d
In base 7, what is -252 - -12564?
12312
In base 6, what is -33 - -2444?
2411
In base 3, what is 200112 - -111110?
1011222
In base 5, what is -32020 - -114?
-31401
In base 4, what is -1100 - 10131?
-11231
In base 12, what is -498 + -2a5?
-781
In base 4, what is -10023230100 + 0?
-10023230100
In base 8, what is 75 + -3675?
-3600
In base 14, what is -1 - -225467?
225466
In base 11, what is -43 + 1942a?
19397
In base 11, what is -3 + 1a433?
1a430
In base 10, what is 96534 + -12?
96522
In base 11, what is -1 - 22037?
-22038
In base 2, what is 10100111000001010000 - -11?
10100111000001010011
In base 13, what is -6b - 1c3b?
-1ca9
In base 12, what is -5 + 27577?
27572
In base 12, what is 3 + 1781?
1784
In base 15, what is -2dc8b6 + -3?
-2dc8b9
In base 6, what is 4133 - -22005?
30142
In base 2, what is 11 + -100101100101?
-100101100010
In base 2, what is 1001111101001010 + 11?
1001111101001101
In base 14, what is -12c8a9 + -4?
-12c8ad
In base 10, what is 81 - 25498?
-25417
In base 12, what is -2951 + -104?
-2a55
In base 3, what is 10100 - 21002102?
-20222002
In base 7, what is 155 - 20?
135
In base 6, what is 533 + 113?
1050
In base 15, what is -99b - 2?
-99d
In base 15, what is -52ac - -24?
-5288
In base 7, what is 4365 + -33?
4332
In base 6, what is -550 - -30?
-520
In base 10, what is -23856 + -70?
-23926
In base 9, what is 0 - -3457?
3457
In base 16, what is -1d5b79 - -1?
-1d5b78
In base 11, what is -2 - -297a33?
297a31
In base 7, what is 5 - 262432?
-262424
In base 10, what is 613301 - 3?
613298
In base 6, what is 152 - 4223?
-4031
In base 3, what is -21000 - -2021?
-11202
In base 9, what is 135 + -13344?
-13208
In base 8, what is 4 - -2733?
2737
In base 13, what is -16 - -6691?
6678
In base 13, what is -34 - -771?
73a
In base 11, what is 175 + -458?
-293
In base 13, what is 1582c + -6?
15826
In base 4, what is -1102333 + 31?
-1102302
In base 8, what is 0 + 16107?
16107
In base 4, what is 1132 + 102332?
110130
In base 2, what is -111100100 - -101111?
-110110101
In base 14, what is -3 - 2815d?
-28162
In base 15, what is -4 + 10?
b
In base 14, what is 9bc - 2?
9ba
In base 12, what is 603b7 - 2?
603b5
In base 8, what is 75637 - 2?
75635
In base 2, what is 1110001100100011 + 11?
1110001100100110
In base 3, what is 10012022102 + -2210?
10012012122
In base 2, what is -110110000100101001 + -101?
-110110000100101110
In base 12, what is 6b27 + 4?
6b2b
In base 11, what is a0 - 686?
-596
In base 6, what is 120 + -3031?
-2511
In base 15, what is -17d - -5e?
-11e
In base 16, what is -3520 + dc?
-3444
In base 4, what is 31 - -313112?
313203
In base 9, what is 231 + -1333?
-1102
In base 13, what is 17c1 - 0?
17c1
In base 4, what is -1110223102 + 2?
-1110223100
In base 2, what is 100101011001000011 + -101?
100101011000111110
In base 2, what is -10 - 10011110000111011?
-10011110000111101
In base 10, what is -6 + -103164?
-103170
In base 8, what is 2326 + -173?
2133
In base 15, what is -d99 + 455?
-944
In base 16, what is -1 + 143a68?
143a67
In base 9, what is -3 - 203146?
-203150
In base 14, what is -a2 + -201?
-2a3
In base 8, what is -312521 - 3?
-312524
In base 14, what is b0 + 314?
3c4
In base 9, what is 61261 - 12?
61248
In base 5, what is -3 - -10032?
10024
In base 5, what is -143 - 32443?
-33141
In base 6, what is -30121 - -55?
-30022
In base 3, what is -112111201210 + -2?
-112111201212
In base 15, what is -4 - -23ea?
23e6
In base 10, what is -321447 + 9?
-321438
In base 15, what is 2586 + 9?
2590
In base 4, what is 31232 - 22012?
3220
In base 10, what is 5267 - 46?
5221
In base 13, what is 5 - -487b1?
487b6
In base 5, what is 200 + 110314?
111014
In base 7, what is 12 + -214346?
-214334
In base 16, what is -1 + -a5e8?
-a5e9
In base 16, what is 62 + 264?
2c6
In base 4, what is -1003333030 + 3?
-1003333021
In base 9, what is -173047 - 48?
-173106
In base 2, what is -100000101000010 - 100111?
-100000101101001
In base 5, what is -33134 - -24?
-33110
In base 14, what is -18 + -81dc?
-8216
In base 2, what is -10010001 + 1001101?
-1000100
In base 15, what is -7185 - -5?
-7180
In base 10, what is -1598 - 7?
-1605
In base 11, what is 0 - 3147?
-3147
In base 12, what is 55 - -3386?
341b
In base 11, what is 5 + -6092?
-6088
In base 16, what is 0 + 6881?
6881
In base 10, what is 39402 - 39?
39363
In base 2, what is 1000 - -1000011100111?
1000011101111
In base 2, what is -101 + -10011000001110001000?
-10011000001110001101
In base 16, what is 5 + -37d9?
-37d4
In base 8, what is -34144600 + 5?
-34144573
In base 11, what is -5 + 13290?
13286
In base 5, what is -1 - -10330343?
10330342
In base 3, what is 2 + -21000101022?
-21000101020
In base 13, what is 15308 - -3?
1530b
In base 2, what is 11111001100010 + -100101?
11111000111101
In base 3, what is 2012200000 + -122?
2012122101
In base 8, what is -5333 - 4?
-5337
In base 6, what is 2200 - -241?
2441
In base 5, what is 3303 + 1334?
10142
In base 13, what is -a - 32c?
-339
In base 3, what is -10 - -101020010000?
101020002220
In base 14, what is -124b1 + -5?
-124b6
In base 3, what is 100120 + 211222?
1012112
In base 8, what is -167505 + -5?
-167512
In base 12, what is -135 - 7b?
-1b4
In base 15, what is 70 - -48b4?
4934
In base 10, what is 6112 - 352?
5760
In base 8, what is -4 + 65207?
65203
In base 12, what is b145 - 17?
b12a
In base 6, what is 23 + -31225?
-31202
In base 16, what is -5 - -210ad?
210a8
In base 7, what is -62 - -102204?
102112
In base 13, what is -4663 + 2?
-4661
In base 7, what is 3145 + -4401?
-1223
In base 2, what is 1100011001100000 - -10?
1100011001100010
In base 2, what is 100111 + 101101010100?
101101111011
In base 5, what is -10 + 143012100?
143012040
In base 3, what is -1110211101202 - 0?
-1110211101202
In base 2, what is -100011111 - 1001000110?
-1101100101
In base 14, what is -572b - 2?
-572d
In base 5, what is -4304 - -2203?
-2101
In base 11, what is 5 + -421a2?
-42198
In base 2, what is 101111 + -110111100110?
-110110110111
In base 13, what is -527 + 0?
-527
In base 6, what is -143 - 2114?
-2301
In base 11, what is 6 - -65264?
6526a
In base 4, what is -103202 + 2121?
-101021
In base 2, what is -111 - 10010101111110?
-10010110000101
In base 11, what is -287 + 275?
-12
In base 3, what is -1122121 + -11011?
-1210202
In base 15, what is 12 + a00?
a12
In base 6, what is -31021 - -22?
-30555
In base 4, what is -3 - 2131333132?
-2131333201
In base 11, what is -11305a6 - 1?
-11305a7
In base 14, what is 0 - 5cd8?
-5cd8
In base 3, what is -11221012121 - 20?
-11221012211
In base 15, what is -da - -732?
647
In base 4, what is 111333 - 30?
111303
In base 5, what is -13441302 + 1?
-13441301
In base 7, what is -4 + 61365?
61361
In base 12, what is 4a + 431?
47b
In base 9, what is -270516 + -2?
-270518
In base 2, what is 110010111010100 - -10001?
110010111100101
In base 11, what is 5a3a89 - 3?
5a3a86
In base 10, what is 109 + 279?
388
In base 10, what is -42003 - -9?
-41994
In base 7, what is -14 + 1635233?
1635216
In base 12, what is -553 + -1b?
-572
In base 6, what is -5 - 4520304?
-4520313
In base 14, what is 5 - -1869?
1870
In base 7, what is -114211 - -5?
-114203
In base 12, what is 5 - -586?
58b
In base 13, what is -11 + 5828?
5817
In base 2, what is -10110100000 + -100?
-10110100100
In base 11, what is -45491 - -a?
-45482
In base 9, what is 3 - 263342?
-263338
In base 3, what is 10201202 - 22002?
10102200
In base 2, what is 0 - 1111111001011001?
-1111111001011001
In base 11, what is 3289a - 19?
32881
In base 7, what is 2264 - -2110